 = -4*y + m + m. Is y a multiple of 11?
True
Let q(y) = 70*y. Let v be q(1). Let p(i) = -4*i. Let j be p(-1). Suppose 0 = -3*h - 9, -j*k - 5*h = k - v. Is 6 a factor of k?
False
Let m(q) = 4*q. Let g = -2 + 0. Let j(u) = -12*u. Let o(b) = g*j(b) - 7*m(b). Does 9 divide o(-4)?
False
Suppose -3*j + 13 - 1 = 0. Suppose -180 = -j*l - 52. Suppose -l = -2*i + 14. Is 21 a factor of i?
False
Suppose -2 - 2 = -3*x - 4*o, 0 = x - 5*o - 14. Let b(j) = 22*j + 5. Let g be b(x). Does 11 divide 2/3 - g/(-9)?
True
Suppose -4*r + 0*n = 2*n - 1194, 12 = -4*n. Is r a multiple of 38?
False
Is -3 - ((-1017)/6)/(-3)*-2 a multiple of 29?
False
Suppose -3*y = x - 5, -2*y + 0 = -6. Let f = x - -9. Does 2 divide f?
False
Let o(f) = 2*f**2 - f - 5. Let w(i) = -i**2 - i + 1. Let z be w(-3). Is 14 a factor of o(z)?
False
Suppose 3*b - 384 = -5*b. Is 23 a factor of b?
False
Let s = -9 - -3. Is s + 8 + 8/2 a multiple of 3?
True
Let v be 2/(-5) - (-4)/10. Suppose v = 3*m - 6 - 0. Suppose y = 4*q - m*y - 103, 3*q - 93 = -3*y. Is 12 a factor of q?
False
Suppose 4 = -2*h - 2. Let a = -3 - h. Suppose a = -3*d + 9 + 36. Is d a multiple of 15?
True
Suppose 2*b + 3*j - 44 = 45, -4*b - 5*j = -175. Suppose 0 = -q - 2*g + 4, 0*g - b = -5*q - 5*g. Does 8 divide q?
False
Suppose -3*h + 7*y - 2*y = -9, 0 = -4*y. Suppose 2 = c, c - 4*c + 6 = -h*g. Suppose 5*q - 53 - 97 = g. Does 14 divide q?
False
Let g = -25 + 129. Suppose -o + g = 4*j, 0 = 4*o - 1 + 17. Does 16 divide j?
False
Suppose 0 = 2*k - p - 88, 4*k - 5*k - 2*p + 44 = 0. Is k a multiple of 14?
False
Suppose 6*c - 209 = 475. Does 6 divide c?
True
Let x(u) = -3*u**3 - 7*u**2 + u + 5. Let v(k) = -k**3 - 1. Let d(w) = -4*v(w) + x(w). Does 16 divide d(7)?
True
Suppose 3*o - 184 = -o - 4*k, 3*o = k + 138. Suppose -3*u + o + 89 = 0. Is 17 a factor of u?
False
Suppose i - 6*i = -5*w, -30 = -4*w - 2*i. Suppose -w*d + 5 = t - 4*t, -5*t + 45 = 5*d. Does 2 divide t?
False
Let f be (-8)/(-44) - (-97)/11. Is 22 a factor of (-4)/6 + 402/f?
True
Suppose 2*f - 3*f = -224. Is 32 a factor of f?
True
Let v be 633/(-12) + 6/8. Let s = v - -92. Suppose 3*t + 5*o - 7 = 0, -t - o - s = -5*t. Is t a multiple of 9?
True
Let o(t) = -t**3 + 7*t**2 - t. Let j be o(5). Suppose 0*m + 5*w + j = m, 2*m - 116 = -3*w. Is 23 a factor of m?
False
Does 24 divide -2 + 0 - (-62 - -1)?
False
Let h(b) be the third derivative of -5*b**4/24 + b**3/6 + 2*b**2. Let w be (2/(-3))/(1/3). Does 4 divide h(w)?
False
Let z be (-6)/15 - 36/(-15). Let b = 5 - z. Is b a multiple of 2?
False
Suppose 20 + 56 = -4*z. Let t = -10 - z. Does 9 divide t?
True
Let v be (1 - 5) + (-6)/(-2). Suppose u + 34 = 3*u. Is 16 a factor of v - (-1 + 1 - u)?
True
Suppose 9*d - 797 = 1003. Is 25 a factor of d?
True
Does 12 divide ((-36)/(-5))/((-4)/(-50))?
False
Suppose 0 = 2*y - 5*j - 102 + 27, -3*y - 2*j + 65 = 0. Does 3 divide y?
False
Let k = -18 - -27. Suppose -5*l = -2*d - 67, 0 = -l + k*d - 4*d - 5. Does 12 divide l?
False
Let i = -36 - -72. Is 12 a factor of i?
True
Let t(g) = g**2 + 6*g - 24. Let h be t(-10). Let k = 43 - h. Does 9 divide k?
True
Let l = 178 + -87. Is 31 a factor of l?
False
Suppose -2*y - 79 = -639. Suppose 2*c + y = 7*c. Suppose -3*o = -7*o + c. Is 8 a factor of o?
False
Suppose -2*p = -4*p + 398. Is p a multiple of 31?
False
Let w be (0 - (1 - -1)) + -4. Let a = w + 6. Let n = 8 + a. Is n a multiple of 3?
False
Let g = -297 - -432. Does 11 divide g?
False
Let f(y) = y**2 - 5*y - 10. Let k be f(8). Does 11 divide (k/6)/(1/18)?
False
Is 5 a factor of 228/8 + 21/(-14)?
False
Let w be (9*-1)/3 - -1. Let r = 23 + w. Does 21 divide r?
True
Let i = 7 - 4. Suppose i*v - 75 = 15. Is 15 a factor of v?
True
Let c(b) = -b**2 + 10*b - 3. Does 13 divide c(8)?
True
Suppose -2*a + 21 = -35. Does 3 divide a?
False
Suppose -u + 1 = -27. Is 27 a factor of u?
False
Suppose -17*g + 1375 = -2977. Is g a multiple of 16?
True
Suppose -3*q + 34 = -35. Is 8 a factor of q?
False
Let l be (-16)/(-10) - 2/(-5). Suppose l*n = 3*n - 298. Is 12 a factor of (-4)/14 + n/14?
False
Suppose 4*t = t + 90. Suppose 0 = -3*s - 2 - 10. Let r = s + t. Is 8 a factor of r?
False
Suppose -3*j = 2*j. Suppose 9 = 3*x - 2*x - c, j = 2*c + 10. Is x even?
True
Let i(u) = -u**3 - 7*u**2 - 8*u - 5. Let s be i(-6). Let h(k) = -5*k - 1. Let r be h(-1). Suppose 0 = -r*t + s*t - 24. Does 4 divide t?
True
Let f(u) = -u**3 + 8*u**2 + u + 17. Is f(6) a multiple of 8?
False
Suppose -2*r + 5*r = 39. Suppose 5*k = -3*c - r + 58, -4*k + 19 = -c. Does 6 divide k?
True
Let c = 12 + -8. Suppose -3*j + c*l = -20, -3*j - 3*l = l - 28. Is 7 a factor of j?
False
Suppose 0 = -4*c + 5 + 15. Does 2 divide c?
False
Suppose 0 = 2*l + 9 - 21. Suppose -2*b + l*b - 120 = 0. Is 8 a factor of b?
False
Let v = -116 + 260. Suppose -3*p - 20 = -2*x - v, 2*x = p - 40. Is 21 a factor of p?
True
Let d = 177 - 117. Does 10 divide d?
True
Suppose 10 = 5*s - 0*s. Suppose 2*v - s = -0. Let c = 3 + v. Is 4 a factor of c?
True
Suppose 0 = y - 3*n - 68, -y = -0*y + 5*n - 100. Is 4 a factor of y?
True
Let j(f) = f**2 + 2*f - 11. Is 2 a factor of j(6)?
False
Let j(m) = -2*m - 7. Let p be j(-5). Suppose -p*k = 9, -s + 5*k = -0*s - 9. Is (-52)/s + 1/3 a multiple of 7?
False
Let t(o) = 2*o - 1. Is 9 a factor of t(5)?
True
Suppose -5*t + 3*p = 2*p + 35, 5*t = -2*p - 20. Let g be (-470)/t + (-2)/6. Suppose 0 = 4*z - 26 - g. Does 13 divide z?
True
Suppose 3*f - 4 = f. Let m be (17/(-2))/((-1)/f). Let w = m - 7. Does 10 divide w?
True
Let r = 85 + -59. Is 8 a factor of r?
False
Suppose -l - 4*m - 9 = -0*l, 3*l = 4*m + 37. Is (-15)/((42/(-4))/l) a multiple of 6?
False
Let f(x) = 2*x**3 + 19*x**2 + 7*x + 9. Let o(g) = g**3 + 9*g**2 + 4*g + 5. Let r = 3 + 2. Let j(v) = r*o(v) - 2*f(v). Is 9 a factor of j(-5)?
True
Let k be (-1)/(1/(-6)) - 1. Let y(d) = 9*d + 5. Let c(i) = -26*i - 15. Let x(z) = -6*c(z) - 17*y(z). Is x(k) a multiple of 16?
False
Suppose -2*v + 372 = v. Let g = 211 - v. Does 24 divide g?
False
Let i(d) = 2*d**2 - d + 12. Is 22 a factor of i(6)?
False
Let c(p) = p**3 + 8*p**2 + p + 4. Let a be c(-8). Let q = a + 14. Let y = q + 6. Is y a multiple of 6?
False
Let y(k) be the third derivative of k**4/24 + k**3 + k**2. Let x = 42 + -37. Does 11 divide y(x)?
True
Suppose 3*s - 4*p = s + 76, 0 = 5*s - 4*p - 172. Suppose -4*w + s = -72. Does 10 divide w?
False
Suppose 2*k = -3*k. Suppose -5*z + 100 = q, k = -2*q + 2*z - 0*z + 152. Suppose q = 5*n + v + 2*v, -4*n = -3*v - 64. Does 11 divide n?
False
Let y = -12 - -4. Is ((-8)/10)/(y/140) a multiple of 14?
True
Let p be 1/((0 - 2)/6). Does 8 divide (21/6 + p)*32?
True
Suppose 3*m + 2 = 8. Is 13 a factor of 7*(4 + 0) - m?
True
Let c(i) be the first derivative of i**4/4 - 11*i**3/3 + 7*i**2 - 4*i - 2. Let t = 15 - 5. Is c(t) a multiple of 15?
False
Let q = 28 - 16. Is 32 a factor of (9/q)/((-4)/(-368))?
False
Is 9 a factor of ((-6)/8)/((-1)/24)?
True
Let q(i) = i**2 - 4*i - 27. Is 10 a factor of q(-9)?
True
Is 24 a factor of 82*(0 - 3)/(-3)?
False
Let y = 4 - 4. Suppose y = -3*o + 21 + 105. Let q = 75 - o. Is q a multiple of 14?
False
Let p(x) = -x**3 - x**2 - 8. Is p(-7) a multiple of 13?
True
Let k(f) be the second derivative of 8*f**5/5 - f**4/6 + f**2/2 + 2*f. Does 16 divide k(1)?
False
Suppose -3*s - 62 = 64. Let j = s - -98. Suppose 0*h = 4*h - 4*z - j, 6 = 2*z. Is h a multiple of 14?
False
Let r(j) = -j**2 - 22*j - 8. Does 32 divide r(-18)?
True
Let w(b) = -b**3 - b**2 + 1. Let c be w(0). Let l be 6/(c*(3 + -2)). Suppose l*q = q + 85. Does 13 divide q?
False
Let k(j) = j**3 - 3*j**2 + j + 1. Let q be k(3). Let v(r) = 7*r**2 + 0*r + r**3 + 1 - q*r + 11*r + 4. Is 14 a factor of v(-4)?
False
Let g(o) = o**2 + 6*o - 3. Suppose 0 = -4*r - 16 + 48. Let u = r - 16. Is 6 a factor of g(u)?
False
Suppose -14*c + 154 = -13*c. Is 14 a factor of c?
True
Let k = -42 + 54. Is 6 a factor of k?
True
Let n(f) = -f + 9. Let s = 17 - 13. Is n(s) a multiple of 3?
False
Let c be 45/(-6)*16/(-20). Let q be -2*(2 - 21/c). Suppose 5*n = h - 4*h + 19, -q*h + 5*n = -29. Is h a multiple of 8?
True
Suppose -2*d + o - 5*o + 100 = 0, -53 = -d + o. Is 12 a factor of d?
False
Let p = -23 - -255. Suppose -3*z + p = z. Is 16 a factor of z?
False
Let b(g) = 15*g. Let u be b(-1). Is ((-16)/6)/(2/u) a multiple of 20?
True
Let v = -4 - -11. Let o = v +